k + 4*h - 9 = 6*h, -35 = -3*k - 2*h. Let d(v) = k*z(v) - 2*y(v). Determine d(-2).
0
Let x(c) = c**2 + c - 2. Let g be x(-2). Suppose 5*f - 5*y - 25 = 0, 2*f + 2 = y - 3*y. Let u(t) = -7 - t**3 + 9 - t**2 + 2*t**f. Determine u(g).
2
Let i(z) = -5 + 2*z + 1 - z. Suppose -2*c = -c + 9*c. What is i(c)?
-4
Let z(n) = n**3 + 14*n**2 - 14*n + 21. Let r be z(-15). Let w(p) = -p**3 + 5*p**2 + 7*p - 3. What is w(r)?
3
Let l(y) = 8*y**2 + 8*y + 1. Let o(r) = -10*r**2 - 9*r. Let u(t) = -4*l(t) - 3*o(t). Suppose -2*p - 8 = -0*p. Calculate u(p).
-16
Let t(g) = -5*g + 2. Let p(m) = 4*m - 1. Suppose -4*w + 2*v = -0*v + 22, -3*w - 10 = 5*v. Let d(a) = w*t(a) - 6*p(a). Determine d(-5).
-9
Let d(t) = 5*t**3 - t**2 + t + 3. Let w(u) = -4*u**3 - u - 2. Let c(y) = -3*d(y) - 4*w(y). Give c(-2).
1
Let z be ((-2)/(-2))/(1/(-4)). Let q(b) = 3*b - 6*b - 10 + 2*b + 3*b. Let r(i) = 1. Let a(w) = q(w) + 8*r(w). Give a(z).
-10
Let x(z) = z - 1. Let r be x(-2). Let u(g) = 4*g + 2. What is u(r)?
-10
Let f(s) be the first derivative of -3*s**4/2 + 2*s**3/3 - s**2 - 7*s - 6. Let p(h) = 7*h**3 - 2*h**2 + 3*h + 8. Let r(v) = -6*f(v) - 5*p(v). What is r(3)?
2
Suppose 0*f + 30 = -5*f. Let q(h) = h + 12. Let s(o) = 1. Let r(g) = -q(g) + 5*s(g). Calculate r(f).
-1
Let r be (0 - 6/(-15))*35. Let x be 1 + -2 + r/2. Suppose 3*a + 3*m - 22 = -2*a, -2*a - 4*m + x = 0. Let w(q) = q**2 - 5*q + 1. Give w(a).
1
Let l(i) = 0*i**2 - 2*i + i**2 - i + 12 - 6*i. Let z be l(8). Let o(r) = r**2 - 7*r + 4. Determine o(z).
-8
Let u(d) be the first derivative of d**6/360 - d**5/24 - 7*d**4/24 + 2*d**3 + 2. Let g(t) be the third derivative of u(t). What is g(5)?
-7
Let o(q) = -2*q**3 - 14*q**2 - 21*q - 13. Let f(g) = -g**3 - 7*g**2 - 10*g - 7. Let s(u) = -5*f(u) + 2*o(u). Give s(-6).
-3
Let s(t) be the second derivative of t**5/20 + 11*t**4/12 + 3*t**3/2 - 4*t**2 + t. Let f be s(-10). Let p(a) = 3 + 0*a + a**f + 4*a - 2. Give p(-2).
-3
Let n(m) = m**3 - 3*m**2 - 3*m. Let d(i) = -i**2 + 13*i + 7. Let j be d(7). Suppose a - 15 = -2*s, -4*s + 3*a = 4 - j. Suppose 3*u - 3 = s. Calculate n(u).
4
Let r be (3 - 1) + -2 + 0. Let a(o) = o**2 - 11*o + 8. Let t be a(10). Let m = r + t. Let b(l) = -l**3 - 1. Calculate b(m).
7
Let w(i) be the third derivative of 0*i + 0*i**4 + 0 + 1/60*i**5 - 2*i**2 + 0*i**3. What is w(-2)?
4
Let c(v) = 3*v - 1. Suppose -3*y = -k - 18, 2*k - 4*y + 4 = -24. Let f = k + 5. Calculate c(f).
-4
Let u be (2 - (3 + -1))*1. Let b(k) = -k**2 - k - 7. What is b(u)?
-7
Let x(b) = b**2 + 4*b - 6. Suppose 2*p + 2*p = 4*f - 116, 4*p + 145 = 5*f. Suppose -4*d - 3 = 2*t + 23, -5*t = d + f. Determine x(t).
-1
Let o(m) = -2 - 7*m + 2 + 4 - 1. Let p(a) = -a + 6. Let t(w) = -w + 5. Let l(u) = 5*p(u) - 6*t(u). Let s(q) = -5*l(q) - o(q). What is s(5)?
7
Let q(t) = -133*t - 10 + 5*t**2 + 1 - t**3 + 137*t. What is q(6)?
-21
Let s be (-6)/(-18) - 1/3*-5. Let o be (1 - -1)*(6 - 3). Let i(k) = o - 2 - 3*k - 1. Calculate i(s).
-3
Suppose 3*p - 3*m - 21 = 0, 5*p - p - 3*m = 29. Let i(y) = -y**3 + 8*y**2 - 2*y + 1. Determine i(p).
-15
Let b(n) = 4*n. Suppose u + 6*u - 14 = 0. Determine b(u).
8
Let j be 6/(-33) + 256/(-44). Let s(g) = -g**3 - 5*g**2 + 6*g + 8. Give s(j).
8
Suppose 2*r - 3 = -t, 3*t + 4*r - 5 = -2. Let q(b) = 13*b**2 - b - 9. Let j(s) = -4*s**2 + 3. Let c(x) = 7*j(x) + 2*q(x). Calculate c(t).
-9
Let j(b) be the first derivative of b**4/4 - 4*b**3/3 + b**2 + 2*b - 6. Give j(2).
-2
Let x(w) = -2*w - 12. Let n be x(-7). Let t(g) be the first derivative of 1/3*g**3 - n + g**2 - 4*g. Give t(-4).
4
Suppose 5*n = -2*k + 49, 58 = 4*k + 2*n - 0*n. Suppose 0 = -3*v - 3*c - 6, -3*c + 0*c - k = 0. Let i(z) = 2*z**2 + 0*z - z**v + 6*z. What is i(-5)?
-5
Let j(o) = o**2 - 5*o + 1. Let i be j(4). Let l(x) = 0 + 2*x**2 - 2 + 3*x - 2 + 0. Give l(i).
5
Let b(z) = z**2 - 6*z + 7. Let f(m) = m**2 - m - 1. Let t be f(-2). Give b(t).
2
Let u(o) be the first derivative of o**2/2 + o - 3. Let r = -2 - -2. Suppose r = 3*l - 6, -14 = 3*b + 2*l - 3. Calculate u(b).
-4
Let y = -2 - -5. Let v(j) = -9*j**3 + j + 8*j**2 + 6 + 8*j**3 - y*j**2. Suppose -3*k - 5 = i - 2*i, 0 = 3*i + 2*k - 15. Calculate v(i).
11
Suppose -4*i - c + 3 + 1 = 0, 0 = -c. Let b(l) = 0*l + 0*l - 2*l**3 + 1 - 3*l**3. Give b(i).
-4
Let m(w) = -2*w + 5*w**3 + 1 + 4*w**2 - 3*w**2 + w**2 - 2*w**3. Calculate m(2).
29
Suppose 0 = 3*h - 2 - 4. Suppose h*o - 2 = 2*l, -l + 1 - 2 = -5*o. Let c(v) = -v + o*v - 10 + v**2 + 2*v. Calculate c(0).
-10
Let f(q) be the first derivative of -q**5/20 - 2*q + 1. Let i(y) be the first derivative of f(y). Let z be (0 + 3)/(-1) + 3. Give i(z).
0
Let w = 5 - 11. Let q be w/(-1) + 1 + -2. Let d(m) = -m**2 + 3*m + 6. Determine d(q).
-4
Let w(n) = 7*n + 2. Let x be 3*3/9 + 1. Let g(u) = 4*u - 3*u + 1 + u + x*u. Let p(k) = -11*g(k) + 6*w(k). Determine p(-5).
11
Let h(j) = -21*j. Let p(i) = -6*i. Let k(u) = 5*h(u) - 18*p(u). Let o = 8 - 5. Calculate k(o).
9
Suppose 5*o = -u + 3*u + 15, -5*o - 4*u = 15. Let g(m) = 7*m + 4. Let y(s) = 6*s + 3. Let b(w) = -4*g(w) + 5*y(w). What is b(o)?
1
Let y(p) = p**2 + 7*p + 3. Let j be y(-6). Let g(u) = u**2 + 8*u + 10. Let a be g(-7). Let s(f) = -a*f + 5*f + 0*f. What is s(j)?
-6
Let x(o) be the second derivative of o**4/12 - 7*o**3/6 - 4*o**2 + 3*o. Let h be x(8). Let r(f) = -f**2 - f - 7. Give r(h).
-7
Suppose 5*q - 10 + 0 = 0. Let g(v) = 2*v + 2*v + 3*v + v**q - 2*v. What is g(-5)?
0
Let s(t) = 1 + 4*t - 11*t - 2 + 2. Suppose 2*m + m + 3 = 0. What is s(m)?
8
Let g(a) = 2*a + 2. Let j(z) = 1. Let y(w) = -g(w) + 2*j(w). Let p be (-38)/6 + (-4)/(-12). Give y(p).
12
Let n(z) be the second derivative of -z**4/6 + z**2 + 7*z. What is n(-2)?
-6
Let a(o) = -o**3 + 6*o**2 + 3*o - 8. Let m be a(6). Suppose -5*b = -0*b - m. Let c(t) = -5*t - 4*t**3 + t**3 + 2*t**3 - 4*t**2 + 4 - 2*t**b. What is c(-4)?
-8
Let h(m) = -m**3 - m - 1. Suppose -3*u + 6*u + 6 = 0. Let v(n) = 2*n**3 + 2*n + 1. Let g(d) = u*v(d) - 5*h(d). Let x(s) = s - 4. Let f be x(4). Calculate g(f).
3
Let q = -30 + 18. Let i = 24 + q. Suppose -3*s - i = 3. Let c(g) = g**3 + 4*g**2 - 4*g + 4. Determine c(s).
-1
Let v(j) = j - 3. Let p = 9 - 7. Suppose 0 = -p*x - x + 9. What is v(x)?
0
Let l(y) = -y**2 - y - 4. Let k be 1 - 6/3 - -5. Suppose 5*h + 0*m = 4*m - 10, 0 = -k*h + m + 3. Let d be h/9 - 4/18. Give l(d).
-4
Let y(z) = -z**2 - 7*z - 8. Let v be y(-6). Let h(g) = g - 5*g + 5 - 3 - 3. What is h(v)?
7
Let h(s) = -s**2 + 4*s + 4. Let w be h(3). Let l(q) = q - 3 + 2 + w. Let r be 4/6 - 6/9. Determine l(r).
6
Let x = 24 - 31. Let r = x - -1. Let q(b) = -b**2 - 6*b + 7. Give q(r).
7
Let p = 13 - -9. Suppose 0 = -2*z + 5*f + 16, 0 = -5*z + 5*f + 3 + p. Suppose 0 = 2*y - z*y + 1. Let v(r) = 6*r**3 - 2*r**2 + 2*r - 1. Calculate v(y).
5
Suppose 0 = -3*g + 6 - 3. Let q(c) = -10*c**3 + c**2 - c + 1. Give q(g).
-9
Let o(i) = i**3 + i**2 + 5*i + 2. Let c be o(-1). Let u(v) = -v**3 - 3*v**2 - 3*v - 4. What is u(c)?
5
Let j be (0 - 3)*2/(-3). Let z(s) = 3 - s**j - 5*s + 0 + 0*s**2. Calculate z(-6).
-3
Let s = 2 - 2. Let t(w) be the first derivative of 2 - 1/4*w**4 + 4*w - 1/3*w**3 + 1/2*w**2. What is t(s)?
4
Let b(n) = -4 - 4*n**2 - 55*n + 5*n**2 + 53*n. Let k be (12/(-10))/(4/(-10)). Calculate b(k).
-1
Let l(i) be the third derivative of i**5/120 - i**4/24 + i**3/2 + 3*i**2. Let a(g) be the first derivative of l(g). Give a(3).
2
Let r(j) = -j**3 + 16*j**2 + 17*j + 10. Let u be r(17). Let x(d) = -d**2 + 11*d - 7. Determine x(u).
3
Let n be -3*(1 - -1)/2. Suppose -2*m + 0 = -4. Let u(j) = m*j - j + 0*j + 1. Calculate u(n).
-2
Suppose 2 - 5 = -3*j. Let f(i) = -3*i**3 - i**2 + i. Calculate f(j).
-3
Let j(r) be the second derivative of r**4/12 + 3*r**2/2 - 8*r. What is j(-3)?
12
Let p(h) = -h - 2. Let u(i) = -i**3 + 3*i + 3. Let c = 5 + -3. Suppose 3*r + 8 - 2 = c*a, 0 = -r + 3*a - 2. Let q be u(r). Calculate p(q).
-7
Suppose 0 = 4*d - 8 - 0. Suppose -m = d - 1. Let g(w) = w - 1. Let r(j) = 6*j**2 - j + 2. Let v(i) = -2*g(i) - r(i). Give v(m).
-5
Let c be ((-2)/3)/((-20)/(-60)). Let z(d) = d**3 + d**2 + d - 2. Give z(c).
-8
Let a(b) = b**3 + b**2. Suppose 4*u + 41 = -8*h + 3*h, -h - 2*u - 13 = 0. Let v(n) = n**2 + 6*n + 1. Let p be v(h). Let g = p - -2. What is a(g)?
-4
Let o(i) = -8*i**3 - 2*i**2 - 7*i - 1. Let h(s) = -23*s**3 - 6*s**2 - 20*s - 3. Let u(m)